 ten thousands digit of n?
1
Suppose -1111 = b + 4*q - 3181, -5*b + 2*q + 10284 = 0. Let n = -1302 + b. What is the tens digit of n?
5
Let v be ((-3)/(-5) - (-56)/(-10))/(-1). Suppose v*i = -5*i. Suppose -3*q - 5*t + 175 = i, -2*q = 2*q - 3*t - 214. What is the tens digit of q?
5
Let p(u) = -31*u**3 + 28*u**2 - 29*u**3 - 5*u**2 - 36 - 44 - 5*u + 61*u**3. What is the tens digit of p(-11)?
2
Let i = 30 - 21. Suppose -i*w + 34 - 7 = 0. Let f(y) = 4*y**3 - 6*y**2 - 2*y + 5. What is the tens digit of f(w)?
5
Let i be 6/((12/16)/1). Suppose -i*f + 14722 = 9*f. What is the hundreds digit of f?
8
Let r(g) = 46*g**2 - 39*g + 261. What is the hundreds digit of r(10)?
4
Let v = 1852 + -1316. What is the units digit of -2 + 7 + (2 - (1 - v))?
2
Let w be 4 - -459 - (-1)/1. Let i be 2 + 26/(-10) + w/40. Suppose -i*g + 63 = -8*g. What is the tens digit of g?
2
Suppose -4*r = -4*s + 224248, -12*s - r + 168186 = -9*s. What is the units digit of s?
2
Suppose 0 = 2*g - 3*g + 4, -3*g = -p + 398. Suppose -p*o = -400*o - 1770. What is the hundreds digit of o?
1
Let q be (-25)/2 + -6 + (-65)/(-10). Let b(n) = -n**3 - 14*n**2 - 26*n - 26. Let l be b(q). What is the units digit of (2 - -1) + (2 - l)?
7
Suppose 4*z - 113905 = -3*p, 0 = 3*p - 19*z + 16*z - 113898. What is the thousands digit of p?
7
Let z(n) = 302*n**3 + n**2 - 32*n + 67. What is the thousands digit of z(3)?
8
Suppose 3*s - 2 = -m, 2*m + 2*m - 25 = 5*s. Let y be (m - (-1 + -4))*2. Suppose 14*f - y*f + 570 = 0. What is the units digit of f?
5
Let p(s) = 2*s**2 + 9*s + 12. Let x be p(-4). Suppose x*g - 66 = 126. What is the tens digit of g?
2
Suppose 18709 = 44*d - 147467 + 11120. What is the units digit of d?
4
Let f(a) = 9*a**3 + 583*a**2 + 13*a - 37. What is the tens digit of f(10)?
9
What is the hundreds digit of ((-482)/3)/(5/168*250/(-1250))?
9
Let p(c) = c - 61. Let l be p(39). Let j(v) = -23*v + 21. What is the hundreds digit of j(l)?
5
Suppose -2*l + 14903 + 18927 + 7928 = 0. What is the tens digit of l?
7
Suppose 7*l + 15 = 2*l, -5*p + 5*l = -5755. Let b = 4866 + -4863. What is the tens digit of b*2*p/42?
6
Suppose 25 = -5*n, 0 = -2*f + 3*n - 50 + 17. What is the tens digit of (856/(-10) - 0)*60/f?
1
Let l be (-2)/5 - (-6)/5*2. Suppose 2*j + j = -6, -3*k + l*j = -2590. What is the units digit of k?
2
Let k = -17263 - -34929. What is the thousands digit of k?
7
Suppose -68*k = 307*k - 12656250. What is the hundreds digit of k?
7
Let t be (-26846)/155*(-5)/1. Let y = 1242 - t. What is the hundreds digit of y?
3
Let w(f) = 6*f - 7. Let d be w(-12). Let a = 95 + d. What is the units digit of a/(5/5 - -1)?
8
Let z = 10362 - -9062. What is the ten thousands digit of z?
1
Let u(v) = 208*v + 64. Let p be u(7). Suppose p + 7016 = 22*g. What is the hundreds digit of g?
3
Suppose 7*s = s - 318. Let c be 2 - (-82 + (2 - 3)). Let f = c + s. What is the units digit of f?
2
Suppose -3*r = 3*t - 105, 0 = -7*t + 4*t - 5*r + 115. Let x = 34 - t. Suppose 11*y - 665 = x*y. What is the units digit of y?
5
Let t = 3572 + 13418. What is the units digit of t?
0
Let q(v) = 60*v - 4875. Let y be q(81). Let t(k) = -52*k - 114. Let g(b) = -17*b - 38. Let f(o) = 7*g(o) - 2*t(o). What is the units digit of f(y)?
7
Let w be ((-18)/(-3))/(-1) + (-37340)/(-20). Suppose 2339 + w = 4*b. What is the hundreds digit of b?
0
Suppose 15*n - 980 = -50. Suppose 270 = -61*w + n*w. What is the tens digit of w?
7
What is the hundreds digit of (1372/(-6))/(-6 + 7119/891 - 2)?
6
Suppose -18*u + 63120 = -2*u. Let w = u - 2040. What is the thousands digit of w?
1
Let i = 4139 - 2271. What is the thousands digit of i?
1
Let v = -3 + 6. Let c = -3521 + 3767. Suppose 2*a = -2*s + 242, -4*a - v*s + c = -2*a. What is the hundreds digit of a?
1
Let z = -924 - -6661. What is the hundreds digit of z?
7
Let u(l) = 6 - 6*l + 0*l + 0*l - 9*l. Let q be u(-8). Suppose -3*t = -t - q. What is the units digit of t?
3
Let h(r) = 3*r**2 - 9*r + 804. What is the units digit of h(-62)?
4
Let v(w) be the third derivative of -w**7/2520 + w**6/240 - w**5/3 - 8*w**2. Let z(d) be the third derivative of v(d). What is the units digit of z(-3)?
9
Suppose 4*n - 481 = -5*x, 0*x - 499 = -4*n + x. Suppose -125*l + n*l = -372. Let r = -212 + l. What is the tens digit of r?
6
Suppose w - 202 = 4*v, 2*v = 5*w - 2*v - 962. Suppose 6*q + 157 + 611 = 0. Let n = w + q. What is the tens digit of n?
6
Let g(l) = 2*l**3 - 5*l**2 + 2*l - 1. Suppose 4*c - 18 = 2. Suppose -3 = -c*u + 12. What is the tens digit of g(u)?
1
Suppose 21*d - 39 = 8*d. Suppose p = -d*p + 3188. What is the units digit of p?
7
Let y be (-10294)/(-6) - (-5 - 9)/42. Suppose -7*l = -9*l + q + 1716, -2*l + y = -5*q. What is the hundreds digit of l?
8
Suppose -58555 - 154022 = -59*d. What is the units digit of d?
3
What is the hundreds digit of ((-483380)/(-45) + (-12)/(-54))/((-12)/(-18))?
1
Let h = -164 - -169. Suppose 3*v + 2*p = -v + 36, h*v - 2*p - 63 = 0. What is the units digit of v?
1
Let m = 15423 + 4869. What is the tens digit of m?
9
Let h be (1 + 125)*75/50. Let j = 47 + h. What is the tens digit of j?
3
Let a(g) be the second derivative of 7*g**3/2 + 2*g**2 - 1417*g. Suppose 0 = -7*d + 4*d + 21. What is the hundreds digit of a(d)?
1
Suppose -11*h = -50 - 5. Suppose h*s - 156 - 1964 = 0. What is the tens digit of s?
2
Let q be (1364/12 + -3)*(-3)/(-2). Let n = 48 - q. Let a = 0 - n. What is the tens digit of a?
1
Let h be (18 - 0)/(-6)*-5. Suppose h*m + 5841 = 18*m + 3*s, -3*s - 1939 = -m. What is the thousands digit of m?
1
Suppose 7*y + y + 224 = 0. Let o(r) = 2*r**2 + r - 48. What is the tens digit of o(y)?
9
What is the hundreds digit of ((-4685)/(-10))/((2/40)/(23/46))?
6
What is the tens digit of (256416/240)/(2/5)?
7
Suppose 16*n - 5*n + 6169 - 32151 = 0. What is the hundreds digit of n?
3
Let t = 2070 - -5063. What is the hundreds digit of t?
1
Suppose m - 4*i = 140, 269 = 5*m + i - 389. Suppose -j + 548 = m. What is the units digit of j?
6
Suppose -27151 = 31*b - 0*b - 165690. What is the thousands digit of b?
4
What is the hundreds digit of (6/(-9) + (-45)/(-27))*(0 - -22469)?
4
Let o = 12753 + -5584. What is the tens digit of o?
6
Let d(y) = -21*y + 17. Let o = 65 - 65. Suppose -5*p = -o*p + 25. What is the tens digit of d(p)?
2
Suppose -6*a + 16 = -4*a. Let m be (273/(-2))/(1/(a/(-6))). Let i = m - 61. What is the tens digit of i?
2
Let b(p) = -5*p**3 + 2*p**2 - p - 5. Let i(z) = -3*z - 1. Let l be i(-15). Suppose -59 = 5*d - l. What is the tens digit of b(d)?
5
Let s = 14 + -9. Suppose 35 + 240 = -s*g. Let i = 45 - g. What is the hundreds digit of i?
1
Let j be ((-15)/(-240)*8)/(3/606 + 0). Suppose 5*b + 245 - 650 = 5*l, 3*l = -4*b - 250. Let c = l + j. What is the tens digit of c?
1
Let o = -30016 + 53941. What is the tens digit of o?
2
Let p = 93580 - 28296. What is the hundreds digit of p?
2
Let f(s) = -270*s - 7. Let o(z) = z + 2. Let u(c) = f(c) + 3*o(c). What is the hundreds digit of u(-1)?
2
Let t(w) = -15*w + 5. Let g be t(2). Let l = g - -43. Suppose -5*u = -177 - l. What is the tens digit of u?
3
Let g(t) = 6*t**2 + 4*t + 4. Let l be g(4). Let m be 235*1 + 2 + 7 + -11. Let h = m - l. What is the hundreds digit of h?
1
Let j = -24297 + 62569. What is the hundreds digit of j?
2
Let r(t) = -t**2 - 4*t - 184. Let z be r(-13). What is the tens digit of z/2*240/(-40)?
0
Let l(j) = -j**3 + 7*j**2 + 29*j - 9. Let z be l(9). Let o be (z/(-81))/(3/(-27)). Suppose 0 = y + o*y - 2607. What is the hundreds digit of y?
2
Let r(v) = 573*v**2 - 161*v - 610. What is the units digit of r(-4)?
2
What is the tens digit of 814/2035 + 82268/5?
5
What is the ten thousands digit of 7/14 - 0 - (3 + (-26379)/2)?
1
Suppose 10*q + 3*q - 3874 = 0. Suppose -4 = 4*y, 0 = -c - 0*y - 4*y + q. What is the hundreds digit of c?
3
Suppose -14*s + 6*s + 160 = 0. Let l = s + 389. What is the hundreds digit of l?
4
Let n = -18239 - -44947. What is the thousands digit of n?
6
Suppose 13008 = 2*m + 4*j, -26064 = -4*m - 9*j + 13*j. What is the tens digit of m?
1
Suppose -2*l + 75 = -349. Suppose -26*p + 270 = -42. Suppose 16*t = p*t + l. What is the tens digit of t?
5
Let n = -40 - -81. Let x = n - 38. What is the units digit of ((-10)/4)/(x/(-6))?
5
Suppose -4*m + 3683 + 5864 = 3*s, 6*m - 2*s - 14288 = 0. What is the t